66115?
2065445
In base 4, what is -2333 + -221133313?
-221202312
In base 3, what is -2212100011012121 - -2?
-2212100011012112
In base 5, what is 2212040334 + 10?
2212040344
In base 12, what is 118334243 + 0?
118334243
In base 14, what is 1c012 + a4b?
1ca5d
In base 11, what is 216922 - -19?
216940
In base 4, what is -1 - -20332301322?
20332301321
In base 9, what is 16563 + 5605?
23268
In base 16, what is -5939f - 33e?
-596dd
In base 6, what is 1124531231 - 13?
1124531214
In base 16, what is 28bfa - 93b?
282bf
In base 15, what is 28 - -3d6353?
3d637b
In base 15, what is 39 + -43e89?
-43e50
In base 2, what is -10010010011 - 11111011001010001?
-11111101011100100
In base 9, what is 7526828 - -2?
7526831
In base 4, what is 0 + -32132231310?
-32132231310
In base 12, what is 3 - 41a668?
-41a665
In base 6, what is -5 + -345414405?
-345414414
In base 3, what is -11211120 + 102102020?
20120200
In base 3, what is 2201021111210 + -121?
2201021111012
In base 15, what is 6 - 716e72d?
-716e727
In base 2, what is 101 + 110011101101110011001?
110011101101110011110
In base 8, what is -620472412 - 0?
-620472412
In base 8, what is -442511332 - -1?
-442511331
In base 6, what is 113231023501 + -4?
113231023453
In base 12, what is 7a - -350a?
3588
In base 4, what is -121 - 3203332310?
-3203333031
In base 2, what is -10001100010 - -1110011101000110001?
1110011010111001111
In base 15, what is a3 - 479d?
-46ea
In base 11, what is 4 + 37847538?
37847541
In base 16, what is -3c9 + 353c7?
34ffe
In base 10, what is -1104 + 6872?
5768
In base 8, what is -37236 + 475?
-36541
In base 14, what is 13 + -1246596?
-1246583
In base 7, what is 113 + 533502?
533615
In base 16, what is -28a9b2 + a?
-28a9a8
In base 12, what is 16067126 + -4?
16067122
In base 7, what is -321332 + -144?
-321506
In base 10, what is 13680 - -12178?
25858
In base 2, what is -11 + 10010101110001001011011011100?
10010101110001001011011011001
In base 2, what is -11010 + -100111110101001100?
-100111110101100110
In base 5, what is 12 + -111333103?
-111333041
In base 10, what is 5932819 + -27?
5932792
In base 13, what is 323 - 5b238?
-5ac15
In base 4, what is 111 - -102231221?
102231332
In base 2, what is 1101000 + 10010000101001110?
10010000110110110
In base 8, what is 505347 + -11522?
473625
In base 8, what is 3 + 257370?
257373
In base 6, what is -5 - 544223150?
-544223155
In base 15, what is -4c07 - 442?
-5149
In base 6, what is 5503 + -12300?
-2353
In base 15, what is -178d + 4d3?
-12aa
In base 3, what is 100102110102021112 + 2?
100102110102021121
In base 14, what is d - -7c0861?
7c0870
In base 3, what is 2121020200111 - -1102?
2121020201220
In base 16, what is 38f4 + -3f6?
34fe
In base 10, what is 6 + 6430995?
6431001
In base 2, what is 101111010100 + 1111001010010?
10101000100110
In base 6, what is -3452433253 + 5?
-3452433244
In base 7, what is 0 - -160643115?
160643115
In base 5, what is 44102413 - -20?
44102433
In base 3, what is -10 + -112100111222?
-112100112002
In base 15, what is -34c4 - 10c1?
-4595
In base 11, what is 0 + 7815372?
7815372
In base 10, what is -2 + 33799682?
33799680
In base 12, what is 1775814a + -6?
17758144
In base 7, what is -560105 + -61?
-560166
In base 11, what is -6278 + 358a?
-2799
In base 10, what is -2796 - 13850?
-16646
In base 2, what is 101 - -1001011001110011001?
1001011001110011110
In base 8, what is -1640 + -2612262?
-2614122
In base 12, what is -15a + 791b99?
791a3b
In base 15, what is 5444b37 - 6?
5444b31
In base 7, what is -650361564 + -4?
-650361601
In base 7, what is 5135 - 1565?
3240
In base 11, what is -2195487 + 26?
-2195461
In base 15, what is -1a63 - -20b60?
1e0ec
In base 16, what is -1cfed + -26?
-1d013
In base 13, what is 0 - 2ab2a3a?
-2ab2a3a
In base 12, what is 2336a9b + 13?
2336ab2
In base 4, what is -2123003132 + -33?
-2123003231
In base 7, what is -1536 + -65021?
-66560
In base 4, what is 12131233030 + 10?
12131233100
In base 7, what is -4 - 235343641?
-235343645
In base 13, what is -5 - -42b155?
42b150
In base 15, what is -291 - 1d4?
-475
In base 15, what is 22 + -21e74?
-21e52
In base 2, what is 1011001111010010110111110 - 1?
1011001111010010110111101
In base 4, what is 121103031 + -2133?
121100232
In base 9, what is -50240438 + -15?
-50240454
In base 2, what is -1010101101110101 - -10010110010?
-1010011011000011
In base 12, what is 29260 - 3141?
2611b
In base 6, what is -10242524541 - -22?
-10242524515
In base 5, what is -1 + -30011031233?
-30011031234
In base 12, what is -3 + -1280904a?
-12809051
In base 14, what is -91086aa + 3?
-91086a7
In base 6, what is 2524135 - -223?
2524402
In base 15, what is -3ca - 6229?
-6604
In base 8, what is 2 - 705605155?
-705605153
In base 5, what is -3023 - -13322244?
13314221
In base 10, what is -5 - -18694054?
18694049
In base 5, what is -4403020143 + 2?
-4403020141
In base 16, what is 455cf4 + -2?
455cf2
In base 10, what is -1153538 - -54?
-1153484
In base 9, what is -161144 + 275?
-160758
In base 6, what is -32440205 + 144?
-32440021
In base 6, what is 4421020415 - 2?
4421020413
In base 12, what is ab35 - 69b?
a456
In base 4, what is 2330 + 1132030?
1201020
In base 14, what is -1 + 2526ad?
2526ac
In base 14, what is 1db - 2029?
-1c2c
In base 8, what is -131243 + 111?
-131132
In base 10, what is -32226631 - 0?
-32226631
In base 16, what is -44 + -1c11bb?
-1c11ff
In base 11, what is -5890178 + 3?
-5890175
In base 13, what is 4195 + 2c35?
70ca
In base 8, what is 110 - -1632013?
1632123
In base 2, what is 10010 - 1100010010101110011?
-1100010010101100001
In base 6, what is 5 + -553033044?
-553033035
In base 10, what is -46 + 225540?
225494
In base 13, what is 292ab3 - -30a?
2930c0
In base 7, what is -16363365 + 143?
-16363222
In base 11, what is 15 - -37538?
37552
In base 16, what is -4cca5 - -e?
-4cc97
In base 15, what is a9 + 37d67?
37e21
In base 15, what is 4 + -d5e2b2?
-d5e2ad
In base 4, what is 2 - -12111332312231?
12111332312233
In base 11, what is 9 - 6700287?
-6700279
In base 15, what is -89 - -2515c?
250c3
In base 2, what is 11 + -11101100100?
-11101100001
In base 6, what is 0 - 3121054524?
-3121054524
In base 8, what is 11140601345 + 2?
11140601347
In base 13, what is -188b - -73020?
71462
In base 10, what is 254869 + -124?
254745
In base 8, what is -21 + 34616035?
34616014
In base 15, what is -8c - -bb0?
b23
In base 14, what is -659 + -48424?
-48a7d
In base 16, what is -6f4d - 39d?
-72ea
In base 13, what is -1350b7 - -988?
-13442c
In base 13, what is -20ca136 - -9?
-20ca12a
In base 7, what is 1004063600 + -11?
1004063556
In base 13, what is -3856b7a - -5?
-3856b75
In base 4, what is 0 - -122100102200?
122100102200
In base 4, what is 213121121 - -21030?
213202211
In base 15, what is 3 - -2ce28a5?
2ce28a8
In base 10, what is -2 + -11001383?
-11001385
In base 5, what is 10 + -304300423110?
-304300423100
In base 9, what is -216 + 871?
654
In base 14, what is -5 - 31b1d8?
-31b1dd
In base 16, what is 29f - b285?
-afe6
In base 9, what is -2866 - 152?
-3128
In base 7, what is 323656 + -15431?
305225
In base 6, what is 3 + 205240253?
205240300
In base 12, what is 4363 + 122a2?
16645
In base 15, what is -b8e263 + -3?
-b8e266
In base 8, what is 376705 + 136?
377043
In base 3, what is 2212111 + 1211210?
11201021
In base 11, what is 9a - 2791a15?
-2791926
In base 3, what is 221011222110 + 1102?
221012000212
In base 8, what is -5243 + 6025?
562
In base 14, what is 1c788 - 105a?
1b72c
In base 16, what is -1b - -38206?
381eb
In base 8, what is 74605 + -12415?
62170
In base 15, what is -1ed568e - -4?
-1ed568a
In base 11, what is 3503a - 350?
3479a
In base 12, what is -1 + 4055665?
4055664
In base 13, what is 787686 + 4c?
787705
In base 9, what is -78 - -5056478?
5056400
In base 15, what is 11a + -5bab?
-5a91
In base 15, what is -23 + 274589?
274566
In base 11, what is 1 - -165a6a8?
165a6a9
In base 16, what is -16 + -147ab0?
-147ac6
In base 2, what is -11111111100100011111 - 0?
-11111111100100011111
In base 2, what is 1101010 + -11110000000011010000?
-11110000000001100110
In base 8, what is -1007711 - -343?
-1007346
In base 10, what is 225991 + -93?
225898
In base 7, what is -2603001 - -42?
-2602626
In base 12, what is -228 + 71071?
70a45
In base 12, what is 94 - -18912a?
189202
In base 11, what is 89159 - 6?
89153
